 List the prime factors of q.
2, 19, 1811
Let y = 680 + -395. Let i = -136 + y. Let h = -13 + i. List the prime factors of h.
2, 17
Suppose -75*w = -184684 - 27416. What are the prime factors of w?
2, 7, 101
Suppose j - 2*p - 42 = 0, 3*j + 2*p - 47 = 119. What are the prime factors of 15/(-20)*j*1/(-3)?
13
Let c(f) = -70*f**3 - f**2 + 2*f + 1. Let s be c(-1). Let a be (-8)/s - 1568/(-34). Suppose -4*z + a + 558 = 0. List the prime factors of z.
151
Suppose -v = -6*v + 530. Let i = -362 + 324. Let k = v - i. List the prime factors of k.
2, 3
List the prime factors of 14*((-4)/((-24)/99))/((-14)/(-288)).
2, 3, 11
Suppose 12*s = 842 + 118. Suppose b - 3*a = -8*a + s, -3*b + 4*a = -221. What are the prime factors of b?
3, 5
Suppose 12 = -3*j, -3*u - 7*j + 10*j = 504. List the prime factors of 36/10*u*30/(-36).
2, 3, 43
Suppose 45 = 4*u + 5*q, u + 5*q - 25 = -u. Suppose 3*x - 81 = 23*y - 18*y, y + 25 = 5*x. List the prime factors of ((-340)/6)/(u/y).
5, 17
Suppose -3*l - 8 + 50 = 0. Suppose l*a - 3104 - 1012 = 0. List the prime factors of a.
2, 3, 7
Let q be -2042*(12/(-8))/(-3). Let g = q + 1635. List the prime factors of g.
2, 307
Let h(q) = 2*q**3 - 3*q**2 + 5*q - 3. Let k(z) = 2*z + 13. Let c(f) = f**2 - 5*f - 1. Let r be c(4). Let w be k(r). What are the prime factors of h(w)?
3, 13
Let x = 24263 + -13510. What are the prime factors of x?
10753
Let q(c) = -c - 4. Let i be q(5). Let h be (12/i)/((-2)/6). Let l(j) = 4*j**2 - 7*j + 8. What are the prime factors of l(h)?
2, 11
Suppose -9*i + i = -4*i. Suppose i = -11*l + 1812 + 12895. What are the prime factors of l?
7, 191
Suppose -2 = -2*h, 0 = -5*n + 5*h - 758 - 302. Let t = -121 - n. List the prime factors of t.
2, 3, 5
Suppose -829*k + 55151 = -827*k + 5*s, -3*k + 82695 = 3*s. What are the prime factors of k?
2, 3, 1531
Let o = 19 - 3. Suppose -13*m = -o*m + 48. Suppose m*u + 177 = 19*u. What are the prime factors of u?
59
List the prime factors of (48/(-60)*-325)/(4 + 1724/(-432)).
2, 3, 5, 13
Let b = -35 - -29. Let x be (-8)/b - (-16)/24. Suppose -2*t - 3*t + 174 = 4*k, -2*k = x*t - 68. What are the prime factors of t?
2, 19
Suppose -1295*p + 20100 = -1280*p. List the prime factors of p.
2, 5, 67
Let a be 36 + (2 - 5 - -6). Let h = 220 + -164. Let p = a + h. List the prime factors of p.
5, 19
Let c(p) = -12*p + 105. Let b be c(9). List the prime factors of (-1)/(b/261) + -8 + 12.
7, 13
Let l(i) = 335*i**2 + 4*i + 66. List the prime factors of l(7).
3, 5503
Suppose f = -8*f + 378. Let m be -46*((-28)/(-8) - 3). Let x = m + f. What are the prime factors of x?
19
Let q(n) = -2*n - 45. What are the prime factors of q(-29)?
13
Let r be -3 - (8*-3)/3. Suppose r*l = 2053 - 63. List the prime factors of l.
2, 199
Suppose -86 + 90 = -u. Let n be (u + -2)*-1*(1 - 0). Suppose -x = 3*k - 127, 3*x - n*x = -2*k + 81. What are the prime factors of k?
2, 3, 7
Let n = 9930 - 4136. What are the prime factors of n?
2, 2897
Suppose -112*p = -103*p - 207. Let a(t) = 11*t + 205. List the prime factors of a(p).
2, 229
Let m be 4/(-10) + 104/160 + 585/12. Let b be 804/16 + (-1)/4. Suppose -y + 245 = 3*w, w - m = 4*y + b. List the prime factors of w.
83
Suppose 4*j + 228185 = 5*k, 5*k + 5*j - 222181 = 6004. List the prime factors of k.
47, 971
What are the prime factors of 32214 + ((-8)/(-6))/((-294)/(-2205))?
2, 19, 53
Let t(x) = -63*x + 2. Let l = -76 - -77. Let u be t(l). Let i = u + 67. List the prime factors of i.
2, 3
Suppose 0 = 357*s - 452*s + 1635900. List the prime factors of s.
2, 3, 5, 7, 41
Suppose -2*h + 1 = -3*q + 2, 3*h + 2 = 5*q. Suppose -x + 2 + q = 0. What are the prime factors of (-5 - (x - -3)/(-3)) + 19?
2
Let l = -12376 + 31450. What are the prime factors of l?
2, 3, 11, 17
Let y(o) = -36*o**3 + 2*o**2 + 53*o - 21. What are the prime factors of y(-7)?
2, 3, 7, 41
Let i(z) = z**3 - 9*z**2 - 14*z**2 - 27*z - 7 - 4. Let u be i(24). Let m = u - -173. What are the prime factors of m?
2, 3, 5
Let z(u) = -u**3 - 10*u**2 - 16*u - 63. Let g be z(-9). Suppose g = 2*f + 1294 - 3968. List the prime factors of f.
7, 191
Suppose a + 1 = 0, 0*j + 3*a - 2433 = -4*j. Let d = 1037 - j. What are the prime factors of d?
2, 107
Let m(i) be the second derivative of 0 + 3*i - 1/12*i**4 + 30*i**2 - 1/6*i**3. List the prime factors of m(0).
2, 3, 5
Let y be ((-4)/(-22) - (-16)/((-2464)/(-22918))) + 2. Suppose l + 0 - 3 = 0. Suppose -5*m - 155 = -5*q, l*m = 3*q + 2*q - y. List the prime factors of q.
29
Let o be (540/162)/(2/3). Let x be 14/3 + 1/3. Suppose o*c - 365 = 2*t, 4*c - x*t = -0*c + 309. List the prime factors of c.
71
Let m(w) = -7*w**3 + 17*w**2 + 32*w - 10. Let s be m(-9). Suppose 32*i - 33*i - h = -1548, 4*i - s = -2*h. What are the prime factors of i?
1543
Let y(o) = -4*o - 15. Let n be 153 + (2 - (1 - -1)). Let v be (-284)/18 + (-34)/n. List the prime factors of y(v).
7
List the prime factors of 2000/1 + (-41 - -34).
1993
Suppose -22*k - 27126 + 127 = -71*k. What are the prime factors of k?
19, 29
Let v = -11113 + 22072. What are the prime factors of v?
3, 13, 281
Let z(d) = 19*d**2 + 91*d + 254. Let s(t) = -13*t**2 - 61*t - 169. Let i(n) = 7*s(n) + 5*z(n). What are the prime factors of i(-17)?
13, 59
Suppose -6*v = v - 35. Suppose -2*o = 5*k - 1169, 1166 = 2*o - k + v*k. Suppose o = 7*f + 164. What are the prime factors of f?
59
Let r(l) = -l**3 - 12*l**2 + 23*l + 11. Let p be r(-14). Suppose -p*f = -56*f - 3275. What are the prime factors of f?
131
Let j(x) be the first derivative of 129*x - 1/4*x**4 + 0*x**2 + 6 - 1/3*x**3. List the prime factors of j(0).
3, 43
Let i(x) = 13*x - 29*x + 7 + 15*x. Let d be i(4). Suppose -d*w + 3*t = -342, 5*w + 2*t - 114 = 4*w. List the prime factors of w.
2, 3, 19
Let g = 74490 - 12468. List the prime factors of g.
2, 3, 10337
Let u(l) = -2*l**3 - 8*l**2 - 7*l + 1. Let m be u(-3). Suppose 4*v = -b + 485, -5*b - m*v + 2*v = -2515. What are the prime factors of b?
5, 101
Let i be 2 + -508 + 0/(2/2). Let y = -1103 - i. Let h = -415 - y. List the prime factors of h.
2, 7, 13
Let f(b) = -b**3 - 5*b**2 + b + 9. Let r be f(-5). Suppose 2*d - 4 = r*g, -10 = g + g - 5*d. Suppose -21*v + 19*v + 86 = g. List the prime factors of v.
43
Suppose -7*q - q + 4304 = 0. Let d = 994 - q. What are the prime factors of d?
2, 3, 19
Let r(m) = -m**3 - 19*m**2 + 23*m + 1. Let j(l) = -2*l**3 - 38*l**2 + 46*l + 4. Let y(a) = 3*j(a) - 7*r(a). List the prime factors of y(-11).
2, 613
Let z be (-50)/(-10) + 119*8. Suppose -4*m = u - 957, 0*m + 2*m = -u + z. List the prime factors of u.
3, 11, 29
Suppose 2*d = -12*a + 10*a + 152, 4*d - 301 = -3*a. Let k = d + 58. What are the prime factors of k?
131
Let f be (-6)/57 + (-10)/19*-1600. Suppose -1609 = -5*a + 3*n - 193, -3*a = 2*n - f. List the prime factors of a.
2, 3, 47
What are the prime factors of 35391 + (13 + -5)*4/(-16)?
43, 823
Suppose 0 = -t - 4*f + 2439, 10 = 15*f - 17*f. What are the prime factors of t?
2459
List the prime factors of (3451692/570)/((-2)/(-10)).
2, 15139
Let d be 68*1 + 2 + (-10 - -3). Suppose 0 = m + 4*v - d, -3*m - 4*v + 94 = -79. What are the prime factors of m?
5, 11
Let a(u) = -u**3 - 128*u**2 - 413*u - 1306. What are the prime factors of a(-126)?
2, 5, 13, 73
Suppose 0 = 220*a - 217*a + 2697. Let p = a + 2549. List the prime factors of p.
2, 3, 5, 11
Let b be -2*(13/6 - (-1)/3). Let q(y) = -2*y**3 - 3*y**2 - 2*y + 40. What are the prime factors of q(b)?
3, 5
Let t be 4/(12/15) - -3. Let g be (t + 2)/(2/76). Suppose -51*k = -47*k - g. List the prime factors of k.
5, 19
Let p(g) = 28*g**3 - 7*g**2 + 46*g - 79. What are the prime factors of p(6)?
13, 461
Let d(g) = -5*g**3 + 4*g**2 - 2*g - 2. Let r(q) = 5*q**3 - 4*q**2 + 2*q + 2. Let k(w) = 3*d(w) + 4*r(w). List the prime factors of k(4).
2, 7, 19
Let m = 147 - 15. Let w = m - 130. Suppose 6*o + 27 = 7*o - 5*u, w*u = -4*o - 2. List the prime factors of o.
2
Let x(t) = -38*t + 3698. List the prime factors of x(-120).
2, 4129
List the prime factors of 627/9*(528 + -117).
11, 19, 137
Suppose -3*j - 124 = -4*x - 16, -2*j + 98 = 3*x. List the prime factors of 3108/(-16)*(-40)/x.
7, 37
Let p(u) = -u**3 + 22*u**2 + 36*u - 16. List the prime factors of p(17).
13, 157
Let a be 2/(-6) - (-31)/3. Let r be 3*1/(-3) + a/2. Suppose -63 = 3*j - r*j. What are the prime factors of